{"id":60,"date":"2011-04-15T09:25:35","date_gmt":"2011-04-15T09:25:35","guid":{"rendered":"http:\/\/www.motocinda.cz\/?page_id=60"},"modified":"2011-04-15T09:25:35","modified_gmt":"2011-04-15T09:25:35","slug":"fotogalerie","status":"publish","type":"page","link":"https:\/\/www.motocinda.cz\/?page_id=60","title":{"rendered":"Fotogalerie"},"content":{"rendered":"<div id=\"gallery-1\" class=\"gallery galleryid-1 default columns_3 gallery-columns-3  gallery-size-thumbnail \">\n<dl class=\"gallery-item gallery-startcol\">\n\t<dt class=\"gallery-icon\"><a href=\"https:\/\/www.motocinda.cz\/?attachment_id=62\" title=\"DSCF1944\">\t\t\t<img decoding=\"async\" src=\"https:\/\/www.motocinda.cz\/wp-content\/uploads\/sites\/3\/2011\/04\/DSCF1944-150x150.jpg\" width=\"150\" height=\"150\" title=\"DSCF1944\" class=\"attachment-thumbnail\" alt=\"DSCF1944\" \/><\/a>\t<\/dt>\n\t<\/dl>\n<dl class=\"gallery-item\">\n\t<dt class=\"gallery-icon\"><a href=\"https:\/\/www.motocinda.cz\/?attachment_id=63\" title=\"DSCF1900\">\t\t\t<img decoding=\"async\" src=\"https:\/\/www.motocinda.cz\/wp-content\/uploads\/sites\/3\/2011\/04\/DSCF1900-150x150.jpg\" width=\"150\" height=\"150\" title=\"DSCF1900\" class=\"attachment-thumbnail\" alt=\"DSCF1900\" \/><\/a>\t<\/dt>\n\t<\/dl>\n\n\n<\/div>\n","protected":false},"excerpt":{"rendered":"","protected":false},"author":4,"featured_media":0,"parent":0,"menu_order":0,"comment_status":"closed","ping_status":"open","template":"onecolumn-page.php","meta":{"ngg_post_thumbnail":0,"footnotes":""},"class_list":["post-60","page","type-page","status-publish","hentry"],"yoast_head":"<!-- This site is optimized with the Yoast SEO plugin v24.4 - https:\/\/yoast.com\/wordpress\/plugins\/seo\/ -->\n<title>Fotogalerie - Luk\u00e1\u0161 Sad\u00edlek - Moto Cinda<\/title>\n<meta name=\"robots\" content=\"index, follow, max-snippet:-1, max-image-preview:large, max-video-preview:-1\" \/>\n<link rel=\"canonical\" href=\"https:\/\/www.motocinda.cz\/?page_id=60\" \/>\n<meta property=\"og:locale\" content=\"cs_CZ\" \/>\n<meta property=\"og:type\" content=\"article\" \/>\n<meta property=\"og:title\" content=\"Fotogalerie - Luk\u00e1\u0161 Sad\u00edlek - Moto Cinda\" \/>\n<meta property=\"og:url\" content=\"https:\/\/www.motocinda.cz\/?page_id=60\" \/>\n<meta property=\"og:site_name\" content=\"Luk\u00e1\u0161 Sad\u00edlek - Moto Cinda\" \/>\n<meta property=\"og:image\" content=\"https:\/\/www.motocinda.cz\/wp-content\/uploads\/sites\/3\/2011\/04\/DSCF1944-150x150.jpg\" \/>\n<meta name=\"twitter:card\" content=\"summary_large_image\" \/>\n<script type=\"application\/ld+json\" class=\"yoast-schema-graph\">{\"@context\":\"https:\/\/schema.org\",\"@graph\":[{\"@type\":\"WebPage\",\"@id\":\"https:\/\/www.motocinda.cz\/?page_id=60\",\"url\":\"https:\/\/www.motocinda.cz\/?page_id=60\",\"name\":\"Fotogalerie - Luk\u00e1\u0161 Sad\u00edlek - Moto Cinda\",\"isPartOf\":{\"@id\":\"https:\/\/www.motocinda.cz\/#website\"},\"datePublished\":\"2011-04-15T09:25:35+00:00\",\"breadcrumb\":{\"@id\":\"https:\/\/www.motocinda.cz\/?page_id=60#breadcrumb\"},\"inLanguage\":\"cs\",\"potentialAction\":[{\"@type\":\"ReadAction\",\"target\":[\"https:\/\/www.motocinda.cz\/?page_id=60\"]}]},{\"@type\":\"BreadcrumbList\",\"@id\":\"https:\/\/www.motocinda.cz\/?page_id=60#breadcrumb\",\"itemListElement\":[{\"@type\":\"ListItem\",\"position\":1,\"name\":\"Dom\u016f\",\"item\":\"https:\/\/www.motocinda.cz\/\"},{\"@type\":\"ListItem\",\"position\":2,\"name\":\"Fotogalerie\"}]},{\"@type\":\"WebSite\",\"@id\":\"https:\/\/www.motocinda.cz\/#website\",\"url\":\"https:\/\/www.motocinda.cz\/\",\"name\":\"Luk\u00e1\u0161 Sad\u00edlek - Moto Cinda\",\"description\":\"Servis motocykl\u016f a lod\u00ed\",\"potentialAction\":[{\"@type\":\"SearchAction\",\"target\":{\"@type\":\"EntryPoint\",\"urlTemplate\":\"https:\/\/www.motocinda.cz\/?s={search_term_string}\"},\"query-input\":{\"@type\":\"PropertyValueSpecification\",\"valueRequired\":true,\"valueName\":\"search_term_string\"}}],\"inLanguage\":\"cs\"}]}<\/script>\n<!-- \/ Yoast SEO plugin. -->","yoast_head_json":{"title":"Fotogalerie - Luk\u00e1\u0161 Sad\u00edlek - Moto Cinda","robots":{"index":"index","follow":"follow","max-snippet":"max-snippet:-1","max-image-preview":"max-image-preview:large","max-video-preview":"max-video-preview:-1"},"canonical":"https:\/\/www.motocinda.cz\/?page_id=60","og_locale":"cs_CZ","og_type":"article","og_title":"Fotogalerie - Luk\u00e1\u0161 Sad\u00edlek - Moto Cinda","og_url":"https:\/\/www.motocinda.cz\/?page_id=60","og_site_name":"Luk\u00e1\u0161 Sad\u00edlek - Moto Cinda","og_image":[{"url":"https:\/\/www.motocinda.cz\/wp-content\/uploads\/sites\/3\/2011\/04\/DSCF1944-150x150.jpg","type":"","width":"","height":""}],"twitter_card":"summary_large_image","schema":{"@context":"https:\/\/schema.org","@graph":[{"@type":"WebPage","@id":"https:\/\/www.motocinda.cz\/?page_id=60","url":"https:\/\/www.motocinda.cz\/?page_id=60","name":"Fotogalerie - Luk\u00e1\u0161 Sad\u00edlek - Moto Cinda","isPartOf":{"@id":"https:\/\/www.motocinda.cz\/#website"},"datePublished":"2011-04-15T09:25:35+00:00","breadcrumb":{"@id":"https:\/\/www.motocinda.cz\/?page_id=60#breadcrumb"},"inLanguage":"cs","potentialAction":[{"@type":"ReadAction","target":["https:\/\/www.motocinda.cz\/?page_id=60"]}]},{"@type":"BreadcrumbList","@id":"https:\/\/www.motocinda.cz\/?page_id=60#breadcrumb","itemListElement":[{"@type":"ListItem","position":1,"name":"Dom\u016f","item":"https:\/\/www.motocinda.cz\/"},{"@type":"ListItem","position":2,"name":"Fotogalerie"}]},{"@type":"WebSite","@id":"https:\/\/www.motocinda.cz\/#website","url":"https:\/\/www.motocinda.cz\/","name":"Luk\u00e1\u0161 Sad\u00edlek - Moto Cinda","description":"Servis motocykl\u016f a lod\u00ed","potentialAction":[{"@type":"SearchAction","target":{"@type":"EntryPoint","urlTemplate":"https:\/\/www.motocinda.cz\/?s={search_term_string}"},"query-input":{"@type":"PropertyValueSpecification","valueRequired":true,"valueName":"search_term_string"}}],"inLanguage":"cs"}]}},"_links":{"self":[{"href":"https:\/\/www.motocinda.cz\/index.php?rest_route=\/wp\/v2\/pages\/60","targetHints":{"allow":["GET"]}}],"collection":[{"href":"https:\/\/www.motocinda.cz\/index.php?rest_route=\/wp\/v2\/pages"}],"about":[{"href":"https:\/\/www.motocinda.cz\/index.php?rest_route=\/wp\/v2\/types\/page"}],"author":[{"embeddable":true,"href":"https:\/\/www.motocinda.cz\/index.php?rest_route=\/wp\/v2\/users\/4"}],"replies":[{"embeddable":true,"href":"https:\/\/www.motocinda.cz\/index.php?rest_route=%2Fwp%2Fv2%2Fcomments&post=60"}],"version-history":[{"count":2,"href":"https:\/\/www.motocinda.cz\/index.php?rest_route=\/wp\/v2\/pages\/60\/revisions"}],"predecessor-version":[{"id":64,"href":"https:\/\/www.motocinda.cz\/index.php?rest_route=\/wp\/v2\/pages\/60\/revisions\/64"}],"wp:attachment":[{"href":"https:\/\/www.motocinda.cz\/index.php?rest_route=%2Fwp%2Fv2%2Fmedia&parent=60"}],"curies":[{"name":"wp","href":"https:\/\/api.w.org\/{rel}","templated":true}]}}