{"id":75,"date":"2012-03-19T12:23:01","date_gmt":"2012-03-19T12:23:01","guid":{"rendered":"http:\/\/www.motocinda.cz\/?page_id=75"},"modified":"2012-03-19T12:23:01","modified_gmt":"2012-03-19T12:23:01","slug":"lodni-motory-2","status":"publish","type":"page","link":"https:\/\/www.motocinda.cz\/?page_id=75","title":{"rendered":"Lodn\u00ed motory"},"content":{"rendered":"<p>Nyn\u00ed je mo\u017en\u00e9 u n\u00e1s zakoupit lodn\u00ed motory zna\u010dky SUZUKI a TOHATSU.<\/p>\n<p>Samoz\u0159ejmost\u00ed je z\u00e1ru\u010dn\u00ed a poz\u00e1ru\u010dn\u00ed servis, pravideln\u00e9 garan\u010dn\u00ed prohl\u00eddky i dod\u00e1vka origin\u00e1ln\u00edch n\u00e1hradn\u00edch d\u00edl\u016f.<a href=\"http:\/\/www.motocinda.cz\/wp-content\/uploads\/sites\/3\/2012\/03\/radaMD115A.jpg\"><img decoding=\"async\" class=\"alignright size-full wp-image-78\" title=\"radaMD115A\" src=\"http:\/\/www.motocinda.cz\/wp-content\/uploads\/sites\/3\/2012\/03\/radaMD115A.jpg\" alt=\"\" width=\"131\" height=\"262\" \/><\/a><a href=\"http:\/\/www.motocinda.cz\/wp-content\/uploads\/sites\/3\/2012\/03\/suzuki-df115tx-default.jpg\"><img decoding=\"async\" class=\"alignleft size-full wp-image-79\" title=\"suzuki-df115tx-default\" src=\"http:\/\/www.motocinda.cz\/wp-content\/uploads\/sites\/3\/2012\/03\/suzuki-df115tx-default.jpg\" alt=\"\" width=\"150\" height=\"300\" \/><\/a><\/p>\n","protected":false},"excerpt":{"rendered":"<p>Nyn\u00ed je mo\u017en\u00e9 u n\u00e1s zakoupit lodn\u00ed motory zna\u010dky SUZUKI a TOHATSU. Samoz\u0159ejmost\u00ed je z\u00e1ru\u010dn\u00ed a poz\u00e1ru\u010dn\u00ed servis, pravideln\u00e9 garan\u010dn\u00ed prohl\u00eddky i dod\u00e1vka origin\u00e1ln\u00edch n\u00e1hradn\u00edch d\u00edl\u016f.<\/p>\n","protected":false},"author":4,"featured_media":0,"parent":0,"menu_order":0,"comment_status":"closed","ping_status":"open","template":"onecolumn-page.php","meta":{"ngg_post_thumbnail":0,"footnotes":""},"class_list":["post-75","page","type-page","status-publish","hentry"],"yoast_head":"<!-- This site is optimized with the Yoast SEO plugin v24.4 - https:\/\/yoast.com\/wordpress\/plugins\/seo\/ -->\n<title>Lodn\u00ed motory - Luk\u00e1\u0161 Sad\u00edlek - Moto Cinda<\/title>\n<meta name=\"robots\" content=\"index, follow, max-snippet:-1, max-image-preview:large, max-video-preview:-1\" \/>\n<link rel=\"canonical\" href=\"https:\/\/www.motocinda.cz\/?page_id=75\" \/>\n<meta property=\"og:locale\" content=\"cs_CZ\" \/>\n<meta property=\"og:type\" content=\"article\" \/>\n<meta property=\"og:title\" content=\"Lodn\u00ed motory - Luk\u00e1\u0161 Sad\u00edlek - Moto Cinda\" \/>\n<meta property=\"og:description\" content=\"Nyn\u00ed je mo\u017en\u00e9 u n\u00e1s zakoupit lodn\u00ed motory zna\u010dky SUZUKI a TOHATSU. Samoz\u0159ejmost\u00ed je z\u00e1ru\u010dn\u00ed a poz\u00e1ru\u010dn\u00ed servis, pravideln\u00e9 garan\u010dn\u00ed prohl\u00eddky i dod\u00e1vka origin\u00e1ln\u00edch n\u00e1hradn\u00edch d\u00edl\u016f.\" \/>\n<meta property=\"og:url\" content=\"https:\/\/www.motocinda.cz\/?page_id=75\" \/>\n<meta property=\"og:site_name\" content=\"Luk\u00e1\u0161 Sad\u00edlek - Moto Cinda\" \/>\n<meta property=\"og:image\" content=\"http:\/\/www.motocinda.cz\/wp-content\/uploads\/sites\/3\/2012\/03\/radaMD115A.jpg\" \/>\n<meta name=\"twitter:card\" content=\"summary_large_image\" \/>\n<script type=\"application\/ld+json\" class=\"yoast-schema-graph\">{\"@context\":\"https:\/\/schema.org\",\"@graph\":[{\"@type\":\"WebPage\",\"@id\":\"https:\/\/www.motocinda.cz\/?page_id=75\",\"url\":\"https:\/\/www.motocinda.cz\/?page_id=75\",\"name\":\"Lodn\u00ed motory - Luk\u00e1\u0161 Sad\u00edlek - Moto Cinda\",\"isPartOf\":{\"@id\":\"https:\/\/www.motocinda.cz\/#website\"},\"primaryImageOfPage\":{\"@id\":\"https:\/\/www.motocinda.cz\/?page_id=75#primaryimage\"},\"image\":{\"@id\":\"https:\/\/www.motocinda.cz\/?page_id=75#primaryimage\"},\"thumbnailUrl\":\"http:\/\/www.motocinda.cz\/wp-content\/uploads\/sites\/3\/2012\/03\/radaMD115A.jpg\",\"datePublished\":\"2012-03-19T12:23:01+00:00\",\"breadcrumb\":{\"@id\":\"https:\/\/www.motocinda.cz\/?page_id=75#breadcrumb\"},\"inLanguage\":\"cs\",\"potentialAction\":[{\"@type\":\"ReadAction\",\"target\":[\"https:\/\/www.motocinda.cz\/?page_id=75\"]}]},{\"@type\":\"ImageObject\",\"inLanguage\":\"cs\",\"@id\":\"https:\/\/www.motocinda.cz\/?page_id=75#primaryimage\",\"url\":\"http:\/\/www.motocinda.cz\/wp-content\/uploads\/sites\/3\/2012\/03\/radaMD115A.jpg\",\"contentUrl\":\"http:\/\/www.motocinda.cz\/wp-content\/uploads\/sites\/3\/2012\/03\/radaMD115A.jpg\"},{\"@type\":\"BreadcrumbList\",\"@id\":\"https:\/\/www.motocinda.cz\/?page_id=75#breadcrumb\",\"itemListElement\":[{\"@type\":\"ListItem\",\"position\":1,\"name\":\"Dom\u016f\",\"item\":\"https:\/\/www.motocinda.cz\/\"},{\"@type\":\"ListItem\",\"position\":2,\"name\":\"Lodn\u00ed motory\"}]},{\"@type\":\"WebSite\",\"@id\":\"https:\/\/www.motocinda.cz\/#website\",\"url\":\"https:\/\/www.motocinda.cz\/\",\"name\":\"Luk\u00e1\u0161 Sad\u00edlek - Moto Cinda\",\"description\":\"Servis motocykl\u016f a lod\u00ed\",\"potentialAction\":[{\"@type\":\"SearchAction\",\"target\":{\"@type\":\"EntryPoint\",\"urlTemplate\":\"https:\/\/www.motocinda.cz\/?s={search_term_string}\"},\"query-input\":{\"@type\":\"PropertyValueSpecification\",\"valueRequired\":true,\"valueName\":\"search_term_string\"}}],\"inLanguage\":\"cs\"}]}<\/script>\n<!-- \/ Yoast SEO plugin. -->","yoast_head_json":{"title":"Lodn\u00ed motory - Luk\u00e1\u0161 Sad\u00edlek - Moto Cinda","robots":{"index":"index","follow":"follow","max-snippet":"max-snippet:-1","max-image-preview":"max-image-preview:large","max-video-preview":"max-video-preview:-1"},"canonical":"https:\/\/www.motocinda.cz\/?page_id=75","og_locale":"cs_CZ","og_type":"article","og_title":"Lodn\u00ed motory - Luk\u00e1\u0161 Sad\u00edlek - Moto Cinda","og_description":"Nyn\u00ed je mo\u017en\u00e9 u n\u00e1s zakoupit lodn\u00ed motory zna\u010dky SUZUKI a TOHATSU. Samoz\u0159ejmost\u00ed je z\u00e1ru\u010dn\u00ed a poz\u00e1ru\u010dn\u00ed servis, pravideln\u00e9 garan\u010dn\u00ed prohl\u00eddky i dod\u00e1vka origin\u00e1ln\u00edch n\u00e1hradn\u00edch d\u00edl\u016f.","og_url":"https:\/\/www.motocinda.cz\/?page_id=75","og_site_name":"Luk\u00e1\u0161 Sad\u00edlek - Moto Cinda","og_image":[{"url":"http:\/\/www.motocinda.cz\/wp-content\/uploads\/sites\/3\/2012\/03\/radaMD115A.jpg","type":"","width":"","height":""}],"twitter_card":"summary_large_image","schema":{"@context":"https:\/\/schema.org","@graph":[{"@type":"WebPage","@id":"https:\/\/www.motocinda.cz\/?page_id=75","url":"https:\/\/www.motocinda.cz\/?page_id=75","name":"Lodn\u00ed motory - Luk\u00e1\u0161 Sad\u00edlek - Moto Cinda","isPartOf":{"@id":"https:\/\/www.motocinda.cz\/#website"},"primaryImageOfPage":{"@id":"https:\/\/www.motocinda.cz\/?page_id=75#primaryimage"},"image":{"@id":"https:\/\/www.motocinda.cz\/?page_id=75#primaryimage"},"thumbnailUrl":"http:\/\/www.motocinda.cz\/wp-content\/uploads\/sites\/3\/2012\/03\/radaMD115A.jpg","datePublished":"2012-03-19T12:23:01+00:00","breadcrumb":{"@id":"https:\/\/www.motocinda.cz\/?page_id=75#breadcrumb"},"inLanguage":"cs","potentialAction":[{"@type":"ReadAction","target":["https:\/\/www.motocinda.cz\/?page_id=75"]}]},{"@type":"ImageObject","inLanguage":"cs","@id":"https:\/\/www.motocinda.cz\/?page_id=75#primaryimage","url":"http:\/\/www.motocinda.cz\/wp-content\/uploads\/sites\/3\/2012\/03\/radaMD115A.jpg","contentUrl":"http:\/\/www.motocinda.cz\/wp-content\/uploads\/sites\/3\/2012\/03\/radaMD115A.jpg"},{"@type":"BreadcrumbList","@id":"https:\/\/www.motocinda.cz\/?page_id=75#breadcrumb","itemListElement":[{"@type":"ListItem","position":1,"name":"Dom\u016f","item":"https:\/\/www.motocinda.cz\/"},{"@type":"ListItem","position":2,"name":"Lodn\u00ed motory"}]},{"@type":"WebSite","@id":"https:\/\/www.motocinda.cz\/#website","url":"https:\/\/www.motocinda.cz\/","name":"Luk\u00e1\u0161 Sad\u00edlek - Moto Cinda","description":"Servis motocykl\u016f a lod\u00ed","potentialAction":[{"@type":"SearchAction","target":{"@type":"EntryPoint","urlTemplate":"https:\/\/www.motocinda.cz\/?s={search_term_string}"},"query-input":{"@type":"PropertyValueSpecification","valueRequired":true,"valueName":"search_term_string"}}],"inLanguage":"cs"}]}},"_links":{"self":[{"href":"https:\/\/www.motocinda.cz\/index.php?rest_route=\/wp\/v2\/pages\/75","targetHints":{"allow":["GET"]}}],"collection":[{"href":"https:\/\/www.motocinda.cz\/index.php?rest_route=\/wp\/v2\/pages"}],"about":[{"href":"https:\/\/www.motocinda.cz\/index.php?rest_route=\/wp\/v2\/types\/page"}],"author":[{"embeddable":true,"href":"https:\/\/www.motocinda.cz\/index.php?rest_route=\/wp\/v2\/users\/4"}],"replies":[{"embeddable":true,"href":"https:\/\/www.motocinda.cz\/index.php?rest_route=%2Fwp%2Fv2%2Fcomments&post=75"}],"version-history":[{"count":6,"href":"https:\/\/www.motocinda.cz\/index.php?rest_route=\/wp\/v2\/pages\/75\/revisions"}],"predecessor-version":[{"id":83,"href":"https:\/\/www.motocinda.cz\/index.php?rest_route=\/wp\/v2\/pages\/75\/revisions\/83"}],"wp:attachment":[{"href":"https:\/\/www.motocinda.cz\/index.php?rest_route=%2Fwp%2Fv2%2Fmedia&parent=75"}],"curies":[{"name":"wp","href":"https:\/\/api.w.org\/{rel}","templated":true}]}}